ime factors of 1 + (2/(w/114) - -2)?
2, 3, 5
Let b = -10687 + 14945. List the prime factors of b.
2, 2129
Let m be 3 + 7 + -222 + 8. List the prime factors of (1 - -1246) + (-17)/(m/48).
3, 139
Let g(t) = 79*t**2 + 16*t - 47. Let m be 6*(-2)/(-24) + 5/2. List the prime factors of g(m).
2, 89
Let f = 1086 - -5459. What are the prime factors of f?
5, 7, 11, 17
Let v be 5 + -2 - -1 - (34 - 32). Suppose v*b = -4*u + 244, 1 = -u - 2. List the prime factors of b.
2
Suppose 36*q - 15*q + 16*q = 2816773. List the prime factors of q.
76129
Let p = -97 - -97. Suppose p = n + 2*b + b - 156, 5*n - 5*b = 720. What are the prime factors of n?
3, 7
Suppose 46183 = 13*i - 24563. List the prime factors of i.
2, 3, 907
Let m = 16294 - 3371. What are the prime factors of m?
12923
Let r(p) = -69*p - 6*p**2 + 22*p**2 + 2*p**2 + 13*p**2 - p**3 + 14. What are the prime factors of r(28)?
2, 7, 31
Let w(f) = 322*f**3 - 2*f**2 + 1. Let v be w(1). Suppose 0 = 3*y - 2*y - v. What are the prime factors of y?
3, 107
Suppose 0 = 3*u - 2*q - 74702, 13*q - 17*q + 99616 = 4*u. What are the prime factors of u?
2, 12451
Let b be 150/54 - 4/(-18). Let p(a) = -2*a**2 + 4*a + 10. Let f be p(b). Suppose -f*n + 134 = 106. What are the prime factors of n?
7
Let w be ((-13)/2)/(2 + 105/(-50)). Let v = w + -45. Let r = v + 2. What are the prime factors of r?
2, 11
Let a(n) = n**2 - 22*n + 46. Let j be a(21). Suppose -14*h = -j*h + 10791. What are the prime factors of h?
3, 109
Suppose -5*v + 53098 = 2*g, -251*v + 252*v + 132718 = 5*g. List the prime factors of g.
2, 3, 7, 79
Suppose 9*i - 4*i - 50729 = -3*g, 2*i = 3*g + 20279. What are the prime factors of i?
2, 317
Let b be (-119 - -119)*((-2)/4 + 0). Suppose 3*k + 2*q = 7*k - 440, -k - 5*q + 110 = b. List the prime factors of k.
2, 5, 11
Suppose -13797*a = -13801*a + 15128. What are the prime factors of a?
2, 31, 61
Let l(j) = j**3 - 15*j**2 - 13*j - 45. Let g be l(16). Let f = 35 + g. List the prime factors of f.
2, 19
Let h(j) = 348*j**2 - 244*j - 1227. List the prime factors of h(-5).
8693
Suppose m - 4*d + 185 = 0, m = -2*m + 5*d - 590. Suppose 912 = -8*j + 11*j. Let o = m + j. What are the prime factors of o?
3, 11
Let l(j) = -j**2 - 3*j + 4. Let g be l(-5). Let v = 11 + g. Suppose -9*y + 672 = -v*y. What are the prime factors of y?
2, 3, 7
Suppose 8 = 3*r - 5*r. Let d be -10*43/r*2. Suppose 4*z - 3*i - 431 = d, 3*z = -5*i + 499. What are the prime factors of z?
163
Let u = 595 - 349. Suppose u = -0*r + 6*r. Suppose 0 = -39*b + r*b - 222. List the prime factors of b.
3, 37
What are the prime factors of (2/7)/(18/910854)?
2, 7229
Let u(f) = 22 - 8*f - 29 - 30. Let p be u(-5). What are the prime factors of (-1505)/28*(-3 + (2 - p))?
5, 43
Suppose 46*i - 5103 = 45*i + 7*c, 5*i = -c + 25371. What are the prime factors of i?
5, 7, 29
Let b = 94 + -47. Let s = 49 - b. Suppose s*h - 4*g - 232 = 0, g + 140 + 89 = 2*h. List the prime factors of h.
2, 3, 19
Let u = 1465 - -1121. List the prime factors of u.
2, 3, 431
Let x(z) = 4*z**2 - 8*z - 4. Let w be x(4). Let i = w - -297. Suppose 20*k + i = 25*k. List the prime factors of k.
5, 13
Suppose -18209 + 763 = -11*r. Suppose r = 3*z - 52. What are the prime factors of z?
2, 3, 7, 13
What are the prime factors of 5*(10 + 5199) + -11?
2, 3, 4339
What are the prime factors of 52744/3 + (-22 - (-1224)/54)?
2, 59, 149
Let n = 2131 - -2405. List the prime factors of n.
2, 3, 7
Suppose -2*p + 3*g = -2860, -8*g = -3*p - 5*g + 4290. List the prime factors of p.
2, 5, 11, 13
Let r(q) = -q**3 - 19*q**2 - 31*q - 36. Let s be r(-16). Let l = 472 + s. What are the prime factors of l?
2, 41
Let v(u) be the first derivative of -u**4/4 - 19*u**3/3 - 21*u**2/2 - 22*u - 74. List the prime factors of v(-18).
2
Suppose -5*k - 3*f + 79192 = 0, 112*k + 63374 = 116*k - f. List the prime factors of k.
2, 89
Let t be 1 - 2/(-2)*4. Let q be 12/28 + -5 + 300/35. Suppose -q*h - t*p = -180, -2*h - h + 140 = 5*p. What are the prime factors of h?
2, 5
Let o be (2 - (-16993)/11) + 2/11. Suppose -a + 8*a - o = 0. What are the prime factors of a?
13, 17
Let h be (-2)/(-2) - 30/(-15). Let o = h - 1. Suppose 4 = o*y, 5*j + 2*y - 520 = 134. What are the prime factors of j?
2, 5, 13
Suppose 4*b = -2*z + 4*z - 3228, 10 = 5*z. Let p = 1580 + b. Suppose -5*k = -p - 166. What are the prime factors of k?
2, 47
List the prime factors of (-3)/9 - 615528/(-108).
41, 139
Let a(u) = 722*u**2 + 7*u - 4. Let z(g) = g**3 + 23*g**2 + g + 24. Let k be z(-23). What are the prime factors of a(k)?
5, 29
Let r(i) = 11*i**2 + 7*i - 15. Let t be (-2)/8 + (-992)/128. What are the prime factors of r(t)?
3, 211
Let p(i) be the third derivative of -7/6*i**3 + 0*i + 0 - 6*i**2 + 3/2*i**4. What are the prime factors of p(2)?
5, 13
Let d(i) = i**3 - 10*i**2 + 18*i - 15. Let j be d(8). Suppose 10*x = -j + 1. List the prime factors of (x - 1) + (3 - 6) + 165.
7, 23
Let z = 4 - 5. Let t(v) = 52*v**2 - 3*v - 2. Let a be t(z). Let u = a + -27. List the prime factors of u.
2, 13
Let h = 359 - 355. Suppose -3*q + 2*c = 3*c - 884, -4*c + 1192 = h*q. List the prime factors of q.
293
Let j(a) = 80*a**2 + 7*a + 4. Suppose 0*g = 5*g - 5*b + 25, -4*b + 8 = -g. List the prime factors of j(g).
2, 157
Let b = -79418 + 115838. List the prime factors of b.
2, 3, 5, 607
Suppose -36 = 7*o - 11*o. Suppose -11*l = -o*l + 10. What are the prime factors of (138/l)/(5/(-25))?
2, 3, 23
Let v = 32792 + -13525. What are the prime factors of v?
19267
Let c = 20 - 15. Suppose c*w - 3*w + 408 = l, -4*w + 432 = l. List the prime factors of l.
2, 13
Suppose -13*c + 9*c + 16 = 2*u, -5*u = -c + 4. Suppose -3*x + 273 = t, c*x = -3*t - 112 + 911. What are the prime factors of t?
3, 29
Let r(z) = z**3 + 6*z**2 - 113*z - 15. Let o be r(-14). What are the prime factors of (-734)/20*-5*(o + 3)?
367
List the prime factors of 19095 - ((-162)/(-360)*10 + 5/(-2)).
61, 313
Let b(c) = -331*c - 2676. List the prime factors of b(-40).
2, 19, 139
Let o be ((-10)/8)/((2/8)/(-1)). Suppose o*l + 7 + 3 = 0, 3*l = -5*k + 669. Suppose h + 5*r - 35 = r, -3*h - 2*r = -k. What are the prime factors of h?
47
Let m(u) = -15346*u - 6424. List the prime factors of m(-4).
2, 3, 5, 229
Let y(i) = 19268*i**2 - 85*i + 3. List the prime factors of y(-1).
2, 3, 1613
Suppose 8*a = 24*a - 528. Suppose 1565 = 2*m - a. What are the prime factors of m?
17, 47
Let c be (-1)/(-6) - ((-977)/6 - -5). Suppose -c*y + 167*y = 810. What are the prime factors of y?
2, 3, 5
Suppose v + 11 = 2*k + 1, -k = -2*v - 23. Let j(p) = -8*p - 46. Let a be j(v). List the prime factors of 155*5/a*4.
2, 31
List the prime factors of ((-39036)/30)/(-4*10/200).
2, 3253
Suppose -2 = -c - 3*h, -2*h + h + 22 = 3*c. Suppose a - 182 = 4*y, -3*y + 370 = 2*a - c*y. List the prime factors of a.
2, 5, 19
Suppose 150*x - 367587 = -121*x - 152*x. List the prime factors of x.
11, 79
Suppose -x + 4286 = -4*u, 4*x - 21*u + 20*u - 17084 = 0. What are the prime factors of x?
2, 5, 7, 61
Let b = 13087 - 271. What are the prime factors of b?
2, 3, 89
Let k = -3924 + 6390. What are the prime factors of k?
2, 3, 137
Let v be -5*(1 + -4 + (-42)/(-10)). Let i(g) = -2*g**3 + 13*g**2 + 29*g + 6. What are the prime factors of i(v)?
2, 3, 61
Let d = -25878 - -37162. What are the prime factors of d?
2, 7, 13, 31
List the prime factors of ((-1240)/75 + 104/(-39))*(-927 + 2).
2, 3, 5, 37
Suppose -4*c + g = -117976, 400*c = 401*c - 2*g - 29501. List the prime factors of c.
3, 29, 113
Let h(m) = m - 1. Let n(u) = 3*u**2 + u - 5. Let p(z) = -3*h(z) + n(z). Let j be p(2). What are the prime factors of j/(-2)*(-174)/9?
2, 29
Let m = -32036 + 88636. What are the prime factors of m?
2, 5, 283
Let t be (84 - 2)*186/12. Let p = -307 + t. List the prime factors of p.
2, 241
Suppose 4*v - 6 = 5*q + 231, 0 = v + 3*q - 38. Let c = 45 + -86. Let p = c + v. List the prime factors of p.
2, 3
Suppose 525252 = 783*k - 746*k. List the prime factors of k.
2, 3, 7, 13
Let o(t) = 14*t**3 - t**2 + 2. Let z be o(1). Suppose -595 = -22*u + z*u. Suppose -4*f - 105 = -5*h, 10*f - 13*f = -4*h + u. List the prime factors of h.
5
Let q(f) = f**2 + 6*f + 2. Let s(p) = -p + 1. Let h(g) = -q(g) - 3*s(g). Let r be h(-2). What are the prime factors of 66/(-99) + 62/r*-1?
2, 5
Let s = 6365 - 6424. Let f be (-11)/